it of v?
1
Suppose -236*z - 1921395 = -271*z. What is the units digit of z?
7
Suppose -4*v - 2*x + 20 = -6*x, -x + 3 = 0. Let g(z) = 90*z + 81. What is the hundreds digit of g(v)?
8
Let w(p) = 92*p - 827. Let i be w(9). Let s be (4 - 2) + -3 - -13. What is the units digit of (-2 + i/(-9))*s*-3?
6
Let j = -121 + 142. Suppose 24 = 9*v - j. Suppose 2*m + v*s = 11, 0*m + m - 2*s = 1. What is the units digit of m?
3
Suppose -15 + 55 = -8*r. Let t(h) = -h**3 - 3*h**2 - 14*h - 12. Let z be t(r). Suppose -z = -7*a + 4*a. What is the units digit of a?
6
Suppose -1017*d = -1021*d + 289920. What is the units digit of d?
0
Let n(u) = -u**3 - 19*u**2 + 19*u - 15. Let k be n(-20). Let s(b) = 34*b**2 - 37*b + 173. What is the hundreds digit of s(k)?
8
Let h(j) = j**3 - 4*j**2 - 6*j - 20. Let s be h(6). Suppose 28350 = s*t + 9*t. What is the units digit of t?
4
Let n = 5 + 0. Let t be -3 + 4 + 0 + 1. Suppose -5 = -t*f + f, n*c = 4*f + 480. What is the hundreds digit of c?
1
Suppose -y + 15 = -4*t, 6*y - 4*t - 21 = 3*y. Suppose -n = -4*r, 0*r - y*r + 7 = n. What is the tens digit of (2 - 44/n)/(1/(-7))?
6
Let j(s) = 2*s**3 - 2*s**2 - 27*s - 250. What is the units digit of j(24)?
8
Let m = -350 - 13. Let p = 170 - m. What is the tens digit of p?
3
Let l be ((-406)/105 - -4) + 4/(-30). What is the tens digit of -341*(l - -1)*(-2 + 1)?
4
Let z(c) = 13*c**3 + 18*c**2 - 4*c + 2. Let g be z(2). Let u be (3 + -2)*1 + 85. Let b = g - u. What is the tens digit of b?
8
Suppose 3*c + 9 - 3 = 0. What is the units digit of ((-2)/(-6))/(c/(-762))?
7
Let f(u) = -u**2 + 24*u - 40. Let x be f(22). What is the tens digit of -3 + x + ((-60)/(-3) - -1)?
2
Suppose 78*k - 35*k - 320608 = 0. What is the tens digit of k?
5
Let v = -41 + 43. Let i(d) = 134*d - 6. Let z be i(v). Suppose 3*u + 82 - z = 0. What is the tens digit of u?
6
Suppose 2*n + 189 = -3*q, -47*n + 44*n = 4*q + 251. Let f be 1014/8 - 2/(-8). Let a = f + q. What is the units digit of a?
2
Let p(q) be the third derivative of -69*q**6/40 - q**3/3 - 9*q**2 - 10. What is the tens digit of p(-2)?
5
What is the units digit of (-57)/76 - 523315/(-52)?
3
Let j = -639 - -195. Let z = 1043 + j. What is the hundreds digit of z?
5
Suppose 0 = -5*z + 4*z - 2*v + 7, v = 2*z - 9. Suppose z*x = 2*w + 130 + 42, -2*x + 66 = 2*w. What is the units digit of x?
4
Let p(l) = -l**2 - 3*l + 91. Let f be p(-11). Suppose 4*d - f*c - 1931 = -87, c = -3*d + 1396. What is the units digit of d?
4
Let k be ((-45)/(-36))/(2/8). Suppose 1055 = k*p - s, -2*p + 422 = 2*s + 2*s. What is the tens digit of p?
1
Suppose 8*y + 9687 = -1665. Let k = -776 - y. What is the units digit of k?
3
Let j = -1534 + 8688. What is the tens digit of j?
5
Let f(w) = 27*w**2 + 16*w + 32. What is the thousands digit of f(13)?
4
Let g = -4493 + 8714. What is the thousands digit of g?
4
Suppose 5*i = 4*d + 1178, 5*i + 5*d - 245 - 960 = 0. Let w = i - 39. What is the tens digit of w?
9
Let w = -29 - -34. Let j(y) = 13*y**2 + 5*y - 3. Let f be j(w). Let u = f - 124. What is the units digit of u?
3
Let j be 2/6*(-8)/(32/(-396)). Suppose 32*v - 28 = j*v. What is the units digit of (v/6)/(15/(-630))?
6
What is the hundreds digit of 2*1 + (-137865)/(15/(-1)) + 1?
1
Let x(a) = -a**3 - 28*a**2 + 64*a + 113. Let p be x(-30). Let t(i) = -119*i - 29. What is the hundreds digit of t(p)?
8
Let a(c) = -c**3 - 15*c**2 - 2*c - 13. What is the tens digit of a(-21)?
7
Let s be (2 - (-3868)/8) + 9/(-6). Let m = s + 272. What is the tens digit of m?
5
Let s = 41851 + -18708. What is the ten thousands digit of s?
2
Suppose -2*h = -h - 5*d + 76, 4*h - d = -323. Suppose -7*m = -m + 336. Let c = m - h. What is the tens digit of c?
2
Suppose -g = -3 - 0, 951 = 5*j + 2*g. Let f be 2338/(-18) + (8/8 - (-10)/(-9)). Let c = f + j. What is the units digit of c?
9
Let g(d) = 57*d**3 + 23*d**2 - 135*d - 32. What is the tens digit of g(6)?
9
Let y be 2128/418 - (-2)/(-22). Let w(p) be the first derivative of p**4/4 - 2*p**3/3 + 3*p**2/2 - 11*p + 2. What is the tens digit of w(y)?
7
Suppose 49*a + 16 = 53*a. Suppose a*w = -3*u - 175, 0 = -w + 4*w - 4*u + 150. Let y = 157 - w. What is the units digit of y?
3
Suppose -78*q + 72*q + 36 = 0. Suppose 14500 = 14*d + q*d. What is the units digit of d?
5
Let i be (717/4)/(3/8). Suppose -2*w + i = 10. Let c = 493 - w. What is the units digit of c?
9
Suppose 5*q - 78318 = -4*i, -q = 11*i - 12*i - 15669. Suppose 6798 = 26*g - q. What is the hundreds digit of g?
8
Suppose -2*k = -10, -4*k + 119 = m - k. Let q be (m/(-6))/((-26)/39). Let s = -3 + q. What is the tens digit of s?
2
Suppose -4*n + 5*h + 12792 = 0, 5*n + 590 - 16580 = 5*h. What is the thousands digit of n?
3
Let l = -178 - -178. Suppose l = 2*s - 10 - 108. What is the units digit of s?
9
Let p(f) = -f**2 + 17*f + 23. Let u be p(16). Suppose 25*x = 22*x + u. Let d(g) = g**3 - 13*g**2 + 5*g + 11. What is the units digit of d(x)?
6
Let h be 6/4*(-11)/(-22)*292. Suppose -3*b + 4*v + h = -v, 2*b = -5*v + 121. What is the units digit of b?
8
Let k be -2*(431026/(-76) + (-16)/152). What is the hundreds digit of (-2 - 52/(-28)) + k/21?
5
Let y(h) = -3*h**2 + 53*h - 46. Let c be y(-23). What is the hundreds digit of 16/(-4) + c/(-4)?
7
Let a be -4 - (-111)/21 - (-4)/(-14). Suppose -a = -2*v - 9. Let x(u) = -2*u**3 - u**2 + u - 2. What is the units digit of x(v)?
6
What is the hundreds digit of (-48142)/(-2) + (4/(-14) - 54/7)?
0
Let b(k) = k**3 + 5*k + 5. Let t be b(0). Suppose -1264 = -t*p + 236. What is the tens digit of p?
0
Suppose 3*v - 25 = -2*v - 5*b, 4*b - 8 = 2*v. Suppose 0 = -3*x - 3, -v*s + 3*x + 2478 = -x. What is the units digit of s?
7
Let h(n) = 8*n + 12. Let o be h(-2). What is the tens digit of (-6)/o + 749/14?
5
Let y = 65582 - 34570. What is the ten thousands digit of y?
3
Let m(g) = -1180*g - 2303. What is the thousands digit of m(-23)?
4
Let b(d) = d - 8. Suppose -2*p + 31 - 3 = -2*c, 3*p - 39 = 2*c. Let v be b(p). Suppose -v*t = j - 97, -2*t = -5*j + 620 - 101. What is the tens digit of j?
0
Suppose 5*u = -19*i + 15*i + 121232, 4*i = -4*u + 96988. What is the units digit of u?
4
What is the hundreds digit of (1650955/(-68))/(5/(-4))?
4
Let d = 91 + -45. Suppose 6*l - 2 = d. What is the units digit of l?
8
Let v = -64 + 76. Let z be 9/v - (-68)/16. Suppose -2*q - 3*m + 99 = q, z*m = 3*q - 67. What is the tens digit of q?
2
Suppose 0*h = -23*h + 409285. What is the thousands digit of h?
7
Let j = 57 - 46. Suppose -23 + j = -4*q. Suppose n + 172 = 3*d, 3*d - 6*d = q*n - 168. What is the units digit of d?
7
Let b = -23800 - -33665. What is the hundreds digit of b?
8
Let q = 357 + -526. What is the hundreds digit of (q - 11)*40/(-6)?
2
Let a = 2985 + -1767. What is the thousands digit of a?
1
Let h(x) = 33*x**2 - 12*x - 1. Suppose -y + 7 = 3*y + u, -37 = -4*y + 5*u. What is the tens digit of h(y)?
6
Suppose -2*c - 2*z - 16 = -18, 2 = -2*c - 3*z. Suppose 4795 = 10*q - c*q - r, 2*q - 1896 = -4*r. What is the tens digit of q?
5
Suppose 79*m + 286292 = 427859 + 632949. What is the hundreds digit of m?
8
Let s(m) = m + 35. Let q(h) = -h - 15. Let w be q(-9). Let x be 14/w - -2 - 124/6. What is the tens digit of s(x)?
1
Suppose -q = -3*q - 5*z + 25, -3*q + 5*z = 25. Let x(c) = -c**3 + c + 62. Let i be x(q). Suppose g - 27 - i = 0. What is the units digit of g?
9
Suppose -6*d - 5*d = -2838. Suppose l - 36 = 5*z, -5*l = -7*z + 8*z - d. Suppose 48*w + 663 = l*w. What is the hundreds digit of w?
2
Let s(d) be the first derivative of d**3/3 + 15*d**2/2 - 169*d + 146. What is the tens digit of s(11)?
1
Let v be 1/11 - 1/11. Suppose 0 = -v*s - 2*s - 2*u + 556, -5*s + 1380 = 3*u. What is the tens digit of s?
7
Let d(u) = 19*u + 13. Let a be d(3). Let x = a + 615. What is the units digit of x?
5
Let g(m) be the third derivative of 0 - m + 11/3*m**3 - 1/60*m**5 - 5/6*m**4 - 2*m**2. What is the tens digit of g(-17)?
7
Let h = 194 - 110. Suppose -4*i = 4*q - i - 112, 2*i + h = 3*q. Suppose 2*z - q = m, -z + 4*m = -19 - 2. What is the tens digit of z?
1
What is the thousands digit of 857*(9 - 5) + -4 + (-10 - -7)?
3
Let w(b) = -2075*b - 380. What is the tens digit of w(-6)?
7
Let n = -12818 + 35633. What is the hundreds digit of n?
8
Let x = 91 - 89. What is the hundreds digit of (6 - 6)/(-6) + 434/x?
2
Let l(k) 